 remainder when 154006 is divided by 425?
156
Calculate the remainder when 167580264 is divided by 2546.
2544
Calculate the remainder when 101460 is divided by 2983.
38
Calculate the remainder when 38203 is divided by 38181.
22
What is the remainder when 59210 is divided by 4145?
1180
Calculate the remainder when 15146043 is divided by 4547.
4533
What is the remainder when 165682 is divided by 255?
187
Calculate the remainder when 30190827 is divided by 64.
43
What is the remainder when 1429309 is divided by 714640?
29
Calculate the remainder when 29211148 is divided by 11.
10
Calculate the remainder when 92386 is divided by 45906.
574
What is the remainder when 4149854 is divided by 37?
8
What is the remainder when 2199318 is divided by 43983?
168
What is the remainder when 2190303 is divided by 152?
135
What is the remainder when 2497198516 is divided by 7961?
7958
What is the remainder when 20012912 is divided by 2541?
2537
What is the remainder when 1553035 is divided by 1551476?
1559
Calculate the remainder when 757561 is divided by 714.
7
Calculate the remainder when 65769785 is divided by 837.
836
Calculate the remainder when 5491474 is divided by 1830365.
379
Calculate the remainder when 4454860 is divided by 159.
157
What is the remainder when 5787 is divided by 5174?
613
Calculate the remainder when 1579410 is divided by 657.
639
What is the remainder when 5138766 is divided by 86?
8
What is the remainder when 188295 is divided by 235?
60
What is the remainder when 3925411 is divided by 1018?
3
Calculate the remainder when 33541 is divided by 15369.
2803
Calculate the remainder when 14917314 is divided by 38.
34
Calculate the remainder when 2159473 is divided by 399.
85
What is the remainder when 6332176 is divided by 215?
211
What is the remainder when 33857366 is divided by 4034?
4
What is the remainder when 316539 is divided by 79101?
135
Calculate the remainder when 7052059 is divided by 15.
4
Calculate the remainder when 59406 is divided by 2802.
564
What is the remainder when 588658 is divided by 493?
16
Calculate the remainder when 153630358 is divided by 34.
32
Calculate the remainder when 34052 is divided by 456.
308
What is the remainder when 19506 is divided by 11592?
7914
What is the remainder when 714748 is divided by 815?
808
Calculate the remainder when 7401908 is divided by 3700945.
18
What is the remainder when 18883 is divided by 1546?
331
Calculate the remainder when 52775 is divided by 3436.
1235
What is the remainder when 5245 is divided by 173?
55
What is the remainder when 106550 is divided by 20997?
1565
Calculate the remainder when 27687267 is divided by 6662.
6657
What is the remainder when 177836 is divided by 35005?
2811
Calculate the remainder when 70460 is divided by 307.
157
What is the remainder when 48596023 is divided by 24297994?
35
Calculate the remainder when 219673 is divided by 7700.
4073
What is the remainder when 4601569 is divided by 2734?
247
What is the remainder when 1617691 is divided by 517?
515
What is the remainder when 1479522 is divided by 385?
352
What is the remainder when 8259 is divided by 2806?
2647
Calculate the remainder when 1417257 is divided by 60.
57
Calculate the remainder when 7160466 is divided by 511460.
26
Calculate the remainder when 6689 is divided by 608.
1
What is the remainder when 46440 is divided by 1597?
127
Calculate the remainder when 1347522 is divided by 316.
98
Calculate the remainder when 41167185 is divided by 2139.
2130
Calculate the remainder when 34654508 is divided by 857.
856
Calculate the remainder when 761980 is divided by 99.
76
What is the remainder when 203759 is divided by 314?
287
What is the remainder when 1289326 is divided by 218?
74
What is the remainder when 164135 is divided by 23434?
97
Calculate the remainder when 14726687 is divided by 55.
52
Calculate the remainder when 66840 is divided by 65413.
1427
Calculate the remainder when 134021 is divided by 109.
60
Calculate the remainder when 69788465 is divided by 13957691.
10
What is the remainder when 193241 is divided by 1722?
377
Calculate the remainder when 4785218 is divided by 21.
11
Calculate the remainder when 551255 is divided by 50.
5
What is the remainder when 753743 is divided by 8?
7
What is the remainder when 112535 is divided by 680?
335
What is the remainder when 247107 is divided by 1574?
1563
What is the remainder when 490737 is divided by 644?
9
What is the remainder when 111604 is divided by 4130?
94
Calculate the remainder when 8147019 is divided by 452609.
57
Calculate the remainder when 1334415 is divided by 1204.
383
What is the remainder when 13529083 is divided by 116630?
3
Calculate the remainder when 44009 is divided by 142.
131
Calculate the remainder when 18716 is divided by 3484.
1296
Calculate the remainder when 398780 is divided by 66449.
86
Calculate the remainder when 192811340 is divided by 182.
176
What is the remainder when 235565 is divided by 918?
557
Calculate the remainder when 189770 is divided by 189623.
147
Calculate the remainder when 327421 is divided by 162078.
3265
What is the remainder when 9141978 is divided by 2082?
1998
What is the remainder when 30432 is divided by 4788?
1704
What is the remainder when 584668647 is divided by 116?
111
Calculate the remainder when 249605258 is divided by 3185.
3178
Calculate the remainder when 5880764 is divided by 555.
539
What is the remainder when 73495820 is divided by 27630?
20
Calculate the remainder when 3540531 is divided by 917.
911
What is the remainder when 2413676 is divided by 804529?
89
What is the remainder when 117748 is divided by 1081?
1000
What is the remainder when 106322 is divided by 11677?
1229
What is the remainder when 1158769 is divided by 522?
451
Calculate the remainder when 5369722 is divided by 112.
106
What is the remainder when 929692 is divided by 1999?
157
Calculate the remainder when 47190515 is divided by 2559.
2555
Calculate the remainder when 2026443 is divided by 31663.
11
Calculate the remainder when 66031 is divided by 197.
36
Calculate the remainder when 57409259 is divided by 289.
276
Calculate the remainder when 54227 is divided by 182.
173
What is the remainder when 1810470 is divided by 60?
30
Calculate the remainder when 167186 is divided by 3726.
3242
Calculate the remainder when 600147 is divided by 73.
14
What is the remainder when 3401894 is divided by 1133956?
26
What is the remainder when 56650 is divided by 1692?
814
What is the remainder when 267177 is divided by 490?
127
Calculate the remainder when 76712 is divided by 212.
180
Calculate the remainder when 5034380 is divided by 94.
22
Calculate the remainder when 1546808 is divided by 35971.
55
Calculate the remainder when 167267868 is divided by 2039852.
4
Calculate the remainder when 493870 is divided by 9187.
6959
What is the remainder when 304405 is divided by 1829?
791
What is the remainder when 297403 is divided by 391?
243
What is the remainder when 47041 is divided by 3132?
61
Calculate the remainder when 4405 is divided by 4200.
205
What is the remainder when 53463898 is divided by 1514?
16
What is the remainder when 146189 is divided by 15497?
6716
What is the remainder when 28236713 is divided by 243?
113
Calculate the remainder when 74207 is divided by 179.
101
Calculate the remainder when 452073 is divided by 9417.
57
What is the remainder when 4996278 is divided by 14?
0
Calculate the remainder when 282905 is divided by 2645.
2535
What is the remainder when 52850 is divided by 92?
42
Calculate the remainder when 1205470 is divided by 1005.
475
What is the remainder when 2297166 is divided by 143572?
14
Calculate the remainder when 2626035 is divided by 525.
510
What is the remainder when 933754 is divided by 466870?
14
Calculate the remainder when 11826585 is divided by 619.
590
What is the remainder when 810510 is divided by 10526?
8
What is the remainder when 210672927 is divided by 936324?
27
Calculate the remainder when 4783067 is divided by 73.
34
What is the remainder when 1646772 is divided by 6455?
747
What is the remainder when 29451 is divided by 5334?
2781
What is the remainder when 30926917 is divided by 105?
7
What is the remainder when 437148 is divided by 218567